{"version":"1.0","provider_name":"CentraLab - Tu laboratorio siempre cerca","provider_url":"https:\/\/www.centralab.com.ar\/eng","title":"D\u00eda Mundial del Sida: prevenir tambi\u00e9n es cuidar - CentraLab - Tu laboratorio siempre cerca","type":"rich","width":600,"height":338,"html":"<blockquote class=\"wp-embedded-content\" data-secret=\"aulMGJf8Bb\"><a href=\"https:\/\/www.centralab.com.ar\/eng\/dia-mundial-del-sida\/\">D\u00eda Mundial del Sida: prevenir tambi\u00e9n es cuidar<\/a><\/blockquote><iframe sandbox=\"allow-scripts\" security=\"restricted\" src=\"https:\/\/www.centralab.com.ar\/eng\/dia-mundial-del-sida\/embed\/#?secret=aulMGJf8Bb\" width=\"600\" height=\"338\" title=\"&#8220;D\u00eda Mundial del Sida: prevenir tambi\u00e9n es cuidar&#8221; &#8212; CentraLab - Tu laboratorio siempre cerca\" data-secret=\"aulMGJf8Bb\" frameborder=\"0\" marginwidth=\"0\" marginheight=\"0\" scrolling=\"no\" class=\"wp-embedded-content\"><\/iframe><script>\n\/*! This file is auto-generated *\/\n!function(d,l){\"use strict\";l.querySelector&&d.addEventListener&&\"undefined\"!=typeof URL&&(d.wp=d.wp||{},d.wp.receiveEmbedMessage||(d.wp.receiveEmbedMessage=function(e){var t=e.data;if((t||t.secret||t.message||t.value)&&!\/[^a-zA-Z0-9]\/.test(t.secret)){for(var s,r,n,a=l.querySelectorAll('iframe[data-secret=\"'+t.secret+'\"]'),o=l.querySelectorAll('blockquote[data-secret=\"'+t.secret+'\"]'),c=new RegExp(\"^https?:$\",\"i\"),i=0;i<o.length;i++)o[i].style.display=\"none\";for(i=0;i<a.length;i++)s=a[i],e.source===s.contentWindow&&(s.removeAttribute(\"style\"),\"height\"===t.message?(1e3<(r=parseInt(t.value,10))?r=1e3:~~r<200&&(r=200),s.height=r):\"link\"===t.message&&(r=new URL(s.getAttribute(\"src\")),n=new URL(t.value),c.test(n.protocol))&&n.host===r.host&&l.activeElement===s&&(d.top.location.href=t.value))}},d.addEventListener(\"message\",d.wp.receiveEmbedMessage,!1),l.addEventListener(\"DOMContentLoaded\",function(){for(var e,t,s=l.querySelectorAll(\"iframe.wp-embedded-content\"),r=0;r<s.length;r++)(t=(e=s[r]).getAttribute(\"data-secret\"))||(t=Math.random().toString(36).substring(2,12),e.src+=\"#?secret=\"+t,e.setAttribute(\"data-secret\",t)),e.contentWindow.postMessage({message:\"ready\",secret:t},\"*\")},!1)))}(window,document);\n<\/script>","thumbnail_url":"https:\/\/www.centralab.com.ar\/wp-content\/uploads\/2025\/12\/Publicacion_5-Banner-horizontal-scaled.png","thumbnail_width":2560,"thumbnail_height":1280,"description":"Cada 1\u00b0 de diciembre, el mundo se une para recordar que el VIH sigue siendo un desaf\u00edo de salud p\u00fablica global. En este d\u00eda, desde CentraLab queremos reforzar un mensaje fundamental: hablar de VIH es hablar de prevenci\u00f3n, diagn\u00f3stico temprano y acompa\u00f1amiento. \u00bfQu\u00e9 es el VIH? El VIH (Virus de la Inmunodeficiencia Humana) afecta el [&hellip;]"}

Día Mundial del Sida: prevenir también es cuidar - CentraLab - Tu laboratorio siempre cerca

<blockquote class="wp-embedded-content" data-secret="aulMGJf8Bb"><a href="https://www.centralab.com.ar/eng/dia-mundial-del-sida/">Día Mundial del Sida: prevenir también es cuidar</a></blockquote><iframe sandbox="allow-scripts" security="restricted" src="https://www.centralab.com.ar/eng/dia-mundial-del-sida/embed/#?secret=aulMGJf8Bb" width="600" height="338" title="&#8220;Día Mundial del Sida: prevenir también es cuidar&#8221; &#8212; CentraLab - Tu laboratorio siempre cerca" data-secret="aulMGJf8Bb" frameborder="0" marginwidth="0" marginheight="0" scrolling="no" class="wp-embedded-content"></iframe><script>
/*! This file is auto-generated */
!function(d,l){"use strict";l.querySelector&&d.addEventListener&&"undefined"!=typeof URL&&(d.wp=d.wp||{},d.wp.receiveEmbedMessage||(d.wp.receiveEmbedMessage=function(e){var t=e.data;if((t||t.secret||t.message||t.value)&&!/[^a-zA-Z0-9]/.test(t.secret)){for(var s,r,n,a=l.querySelectorAll('iframe[data-secret="'+t.secret+'"]'),o=l.querySelectorAll('blockquote[data-secret="'+t.secret+'"]'),c=new RegExp("^https?:$","i"),i=0;i<o.length;i++)o[i].style.display="none";for(i=0;i<a.length;i++)s=a[i],e.source===s.contentWindow&&(s.removeAttribute("style"),"height"===t.message?(1e3<(r=parseInt(t.value,10))?r=1e3:~~r<200&&(r=200),s.height=r):"link"===t.message&&(r=new URL(s.getAttribute("src")),n=new URL(t.value),c.test(n.protocol))&&n.host===r.host&&l.activeElement===s&&(d.top.location.href=t.value))}},d.addEventListener("message",d.wp.receiveEmbedMessage,!1),l.addEventListener("DOMContentLoaded",function(){for(var e,t,s=l.querySelectorAll("iframe.wp-embedded-content"),r=0;r<s.length;r++)(t=(e=s[r]).getAttribute("data-secret"))||(t=Math.random().toString(36).substring(2,12),e.src+="#?secret="+t,e.setAttribute("data-secret",t)),e.contentWindow.postMessage({message:"ready",secret:t},"*")},!1)))}(window,document);
</script>

Cada 1° de diciembre, el mundo se une para recordar que el VIH sigue siendo un desafío de salud pública global. En este día, desde CentraLab queremos reforzar un mensaje fundamental: hablar de VIH es hablar de prevención, diagnóstico temprano y acompañamiento. ¿Qué es el VIH? El VIH (Virus de la Inmunodeficiencia Humana) afecta el [&hellip;]
